380?
76
Calculate the greatest common factor of 247 and 114.
19
Calculate the highest common factor of 400 and 5300.
100
Calculate the greatest common divisor of 89 and 29726.
89
What is the greatest common factor of 122993 and 13?
13
Calculate the highest common factor of 575 and 125.
25
What is the highest common divisor of 6 and 147?
3
What is the greatest common divisor of 37 and 20498?
37
Calculate the greatest common factor of 90 and 1065.
15
Calculate the highest common factor of 2158 and 52.
26
What is the highest common divisor of 82 and 123?
41
Calculate the highest common factor of 205 and 164.
41
Calculate the greatest common divisor of 447 and 24.
3
What is the highest common divisor of 84 and 8?
4
Calculate the greatest common divisor of 12900 and 1200.
300
What is the highest common factor of 840 and 435?
15
Calculate the highest common factor of 49 and 147.
49
Calculate the greatest common factor of 2088 and 216.
72
What is the highest common divisor of 3186 and 118?
118
Calculate the greatest common divisor of 600 and 240.
120
Calculate the highest common factor of 5694 and 657.
219
What is the greatest common divisor of 84 and 476?
28
Calculate the highest common factor of 55 and 22.
11
What is the greatest common divisor of 2516 and 296?
148
Calculate the greatest common divisor of 136 and 416.
8
Calculate the greatest common divisor of 192 and 708.
12
Calculate the highest common factor of 26 and 338.
26
What is the greatest common factor of 9 and 243?
9
What is the greatest common factor of 250 and 140?
10
Calculate the greatest common factor of 275 and 400.
25
Calculate the greatest common factor of 415 and 1577.
83
Calculate the greatest common factor of 455 and 35.
35
Calculate the greatest common factor of 117 and 2054.
13
What is the greatest common factor of 902 and 574?
82
Calculate the highest common factor of 104 and 16.
8
What is the highest common factor of 927 and 171?
9
Calculate the highest common factor of 450 and 6975.
225
Calculate the highest common factor of 28 and 20832.
28
Calculate the highest common factor of 345 and 48.
3
What is the greatest common factor of 3400 and 85?
85
Calculate the highest common factor of 6754 and 44.
22
Calculate the greatest common divisor of 76 and 103.
1
Calculate the highest common divisor of 65 and 20.
5
Calculate the highest common divisor of 14 and 200.
2
What is the highest common divisor of 80 and 520?
40
What is the highest common divisor of 65 and 234?
13
What is the greatest common divisor of 12 and 14?
2
What is the greatest common factor of 325 and 25?
25
Calculate the greatest common factor of 472 and 40.
8
Calculate the highest common factor of 312 and 192.
24
Calculate the highest common divisor of 28 and 2702.
14
What is the highest common factor of 18 and 3528?
18
What is the greatest common factor of 96 and 1472?
32
Calculate the greatest common factor of 256 and 3392.
64
What is the highest common factor of 39 and 38?
1
What is the highest common divisor of 36 and 4?
4
What is the greatest common divisor of 5184 and 704?
64
Calculate the greatest common factor of 51 and 11254.
17
Calculate the greatest common factor of 9 and 963.
9
What is the greatest common divisor of 45 and 37260?
45
What is the highest common factor of 5278 and 58?
58
What is the highest common factor of 22 and 1?
1
What is the highest common divisor of 54 and 837?
27
Calculate the highest common factor of 369 and 123.
123
What is the greatest common factor of 145 and 21170?
145
Calculate the greatest common divisor of 18 and 1206.
18
Calculate the greatest common factor of 416 and 48.
16
What is the greatest common factor of 232 and 200?
8
Calculate the highest common divisor of 4 and 3292.
4
What is the highest common factor of 16 and 80?
16
Calculate the greatest common divisor of 8 and 316.
4
Calculate the highest common divisor of 3 and 13.
1
What is the highest common divisor of 144 and 16?
16
Calculate the greatest common factor of 648 and 192.
24
Calculate the greatest common factor of 21 and 3.
3
Calculate the highest common factor of 8 and 34696.
8
What is the greatest common divisor of 1896 and 96?
24
Calculate the greatest common factor of 40 and 8744.
8
Calculate the highest common factor of 544 and 34.
34
Calculate the greatest common factor of 86 and 20597.
43
What is the greatest common factor of 12 and 4?
4
Calculate the greatest common divisor of 351 and 2025.
27
What is the greatest common divisor of 52 and 9308?
52
What is the greatest common divisor of 74 and 74?
74
What is the greatest common divisor of 17 and 104278?
17
What is the highest common factor of 6 and 42?
6
What is the greatest common factor of 1558 and 38?
38
Calculate the highest common factor of 12565 and 35.
35
Calculate the highest common factor of 962 and 1036.
74
Calculate the highest common factor of 133 and 7.
7
What is the greatest common factor of 14 and 7721?
7
What is the highest common factor of 170 and 18190?
170
What is the greatest common divisor of 91 and 312?
13
Calculate the highest common factor of 4932 and 132.
12
Calculate the highest common divisor of 33 and 2.
1
What is the highest common factor of 252 and 28?
28
Calculate the greatest common divisor of 13 and 364.
13
What is the highest common factor of 630 and 50?
10
Calculate the highest common divisor of 676 and 52.
52
Calculate the highest common divisor of 990 and 20.
10
Calculate the greatest common divisor of 1962 and 144.
18
Calculate the greatest common divisor of 1998 and 370.
74
What is the highest common divisor of 8336 and 64?
16
What is the highest common divisor of 3 and 6645?
3
Calculate the highest common divisor of 33 and 2343.
33
What is the greatest common divisor of 315 and 2310?
105
Calculate the greatest common factor of 6611 and 11.
11
What is the greatest common factor of 224 and 392?
56
What is the highest common factor of 253 and 46?
23
What is the highest common factor of 221 and 85?
17
What is the highest common divisor of 3507 and 10020?
501
What is the greatest common factor of 151 and 3?
1
Calculate the highest common divisor of 304 and 95.
19
What is the greatest common factor of 120 and 2460?
60
What is the greatest common factor of 119 and 629?
17
Calculate the highest common divisor of 649 and 11.
11
What is the highest common factor of 7074 and 162?
54
Calculate the greatest common factor of 24 and 536.
8
What is the greatest common factor of 196 and 1057?
7
Calculate the highest common divisor of 2451 and 215.
43
Calculate the highest common divisor of 25 and 10.
5
Calculate the greatest common factor of 490 and 220.
10
Calculate the greatest common divisor of 100 and 25.
25
What is the highest common factor of 711 and 79?
79
Calculate the greatest common divisor of 253 and 92.
23
Calculate the greatest common factor of 280 and 406.
14
What is the greatest common factor of 100 and 1420?
20
What is the greatest common factor of 112 and 168?
56
Calculate the highest common factor of 15 and 6.
3
Calculate the greatest common divisor of 133 and 126.
7
What is the greatest common factor of 1298 and 354?
118
What is the greatest common divisor of 13 and 7?
1
What is the highest common divisor of 1266 and 18?
6
Calculate the highest common divisor of 1008 and 2448.
144
Calculate the highest common divisor of 30 and 1605.
15
What is the greatest common divisor of 35 and 33985?
35
Calculate the highest common factor of 1254 and 2394.
114
What is the greatest common factor of 1035 and 2001?
69
Calculate the greatest common divisor of 333 and 63.
9
Calculate the greatest common factor of 537 and 1253.
179
Calculate the highest common factor of 201 and 3283.
67
Calculate the highest common factor of 264 and 1144.
88
Calculate the highest common factor of 3 and 159.
3
Calculate the highest common divisor of 3420 and 180.
180
Calculate the greatest common factor of 258 and 645.
129
What is the highest common divisor of 432 and 135?
27
What is the highest common factor of 2364 and 12?
12
Calculate the highest common divisor of 25 and 5.
5
Calculate the greatest common factor of 39 and 48.
3
What is the highest common divisor of 44 and 15961?
11
Calculate the greatest common divisor of 21 and 9.
3